t y be (-4)/((-20)/5) - -36. Calculate the highest common divisor of y and d.
37
Let d = -42 + 44. Let h be d/11 - (476/(-44) + -1). Let i = h + 8. Calculate the greatest common divisor of 20 and i.
20
Suppose -3*b = 4*x - 12856, -b + 1798 + 2484 = -2*x. What is the greatest common factor of 108 and b?
36
Suppose 1679 - 441 = 4*q - 1006. Calculate the highest common factor of 264 and q.
33
Let y be 1*((7 - -47) + -2). What is the highest common divisor of 884 and y?
52
Suppose 420 = 5*y + 3*v, 451*v = 449*v. What is the highest common factor of 3336 and y?
12
Let u = -36 + 94. Let f = 256 - 227. Calculate the greatest common factor of f and u.
29
Suppose 19 - 3 = 8*c. Suppose 3*d - 17*m - 80 = -21*m, 4*m = c*d - 60. What is the greatest common divisor of 196 and d?
28
Let a = -19397 + 19412. What is the greatest common divisor of a and 570?
15
Suppose -7427 = -14*w + 6041. What is the highest common factor of w and 592?
74
Let x = -7790 + 8007. What is the greatest common factor of x and 21?
7
Let y be (-4)/(-32) - (-1 + (-679)/8). Suppose -11*z + y = -266. Calculate the highest common factor of z and 48.
16
Suppose 10*d + 4792 = 36*d + 3544. Suppose z + 26 = 90. What is the highest common divisor of z and d?
16
Suppose 4*a + 3*p = 59, 38*a + 31 = 40*a + p. Let x(h) = -8*h + 163. Let u be x(a). Calculate the greatest common factor of 3 and u.
3
Suppose 2563 + 3015 = 5*f + 3*y, 2*f - 2227 = 3*y. Calculate the greatest common factor of 10 and f.
5
Let i = -564 + 828. What is the highest common factor of i and 330?
66
Suppose -2*o - 6*o = -144. Let x be (-24)/o*-3*49/2. Calculate the greatest common divisor of x and 14.
14
Let b be (-1)/(-2)*(3 + 157). Let k(s) = -375*s - 8240. Let u be k(-22). What is the greatest common factor of u and b?
10
Let l be ((-272)/10)/(-18 + 267/15). What is the highest common divisor of l and 424?
8
Let n = -5 - -10. Suppose -3*l = -n*t - 30, 2*l + l + 2*t = 9. Suppose 0*a + 3*a - 6 = 0, -a = l*p - 7. What is the greatest common factor of p and 1?
1
Suppose 5*h = -4*r + 155, 52 - 2 = 2*h + 4*r. Let v = 1668 - 1353. Calculate the greatest common divisor of v and h.
35
Let t = 857 + -31. Suppose 4*r + 2*g = t, 4*r - 182 - 639 = -g. What is the greatest common divisor of 68 and r?
68
Let s be (4272/(-801))/((-1)/1458). Calculate the highest common divisor of s and 48.
48
Let h = 15 - 7. Let n = 188 + -396. Let g = -200 - n. Calculate the highest common divisor of h and g.
8
Let q be (-3 - 25/(250/(-20)))*-182. What is the greatest common divisor of 7189 and q?
91
Let z = -133 + 223. Suppose -2*k - 82 = -q, 110 = 2*q + 435*k - 430*k. Calculate the highest common factor of q and z.
10
Let z = 47 - 17. Let k = -9 + 39. What is the highest common factor of k and z?
30
Let r(w) = 23*w**2 - 468*w + 51. Let g be r(27). What is the highest common divisor of g and 369?
123
Suppose -5*n + 20 = 5*z, -5*z = 2*n - 3 - 2. Suppose 7*w = n*w + 26. Let p be (-194)/(-3) + (-1)/(-3). What is the highest common factor of w and p?
13
Let u be (-10 + 560/60)*(0 + (-69)/2). Suppose -4*t + 6 = 2*t. Calculate the greatest common divisor of t and u.
1
Suppose -121296 + 569897 = 19*v - 482608. Calculate the highest common factor of 51 and v.
51
Suppose -3*y + 50 = -142. Let u = 66 - y. Suppose -3*g - u*c + 88 = -81, 61 = g + 3*c. What is the highest common divisor of 11 and g?
11
Suppose -2*a + 20 - 40 = 0. Let j be 25/a*36/(-15). What is the greatest common factor of 150 and j?
6
Suppose -x + 3*z = 8*z - 317, -2*z = -3*x + 934. What is the highest common divisor of x and 429?
39
Let x be (((-972)/63)/27)/(1/(-1043)). Calculate the greatest common divisor of 20 and x.
4
Suppose 0 = -5*i - 3*u + 177, -2*i + 4*i = -u + 71. Suppose -234 = 3*g - 882. Suppose -g = -7*s + 120. What is the greatest common factor of s and i?
12
Suppose -15 = -2*c + 3*h, 2*h = 4 + 2. Let v(d) = 9*d**2 + 4*d - 7*d**2 + d - 6. Let y be v(6). What is the highest common factor of c and y?
12
Let p = -19343 - -19919. Calculate the highest common divisor of 512 and p.
64
Let f = -4175 + 6429. Suppose 9*x + 148 = f. What is the greatest common factor of x and 26?
26
Let h = 9440 + -9398. Let d = -211 - -298. Let c = -59 + d. Calculate the greatest common factor of c and h.
14
Let s(c) = -3*c - 27. Let q be s(-14). Suppose 12 = -k + 5*k + 4*x, -2*k = -5*x + q. Let t = k - -32. What is the highest common factor of 32 and t?
32
Let m = -105 + 148. Let l(t) = 6*t**2 + 38*t + 29. Let n be l(6). Calculate the highest common divisor of m and n.
43
Let x(d) = -d**2 - 7*d + 58. Let p be x(5). Let i = 16 - 52. Let o be (-1)/((p/i)/((-1)/2)). What is the greatest common factor of o and 108?
9
Let n be -5 + (-104)/208*(-7)/(7/1560). What is the highest common divisor of n and 15?
5
Let x be 7*-59 + 39/13. Let b = -290 - x. What is the greatest common factor of 30 and b?
30
Let j = 51 - -2. Suppose -5*r + 228 = j. Suppose -4*o + 37 = -r. Calculate the greatest common factor of 27 and o.
9
Let g be (-4 - 95)*4/(-3). Suppose -141*q = -g*q - 189. What is the highest common factor of q and 399?
21
Let p(y) = -y**3 - 49*y**2 + 154*y - 89. Let h be p(-52). Let v(f) = 15*f**2. Let r = 32 - 30. Let d be v(r). Calculate the highest common divisor of h and d.
15
Let g be (2 - 0 - 1)*259. Suppose -2*m + g = 19. Let d = 89 + -59. What is the highest common divisor of m and d?
30
Let j(m) = m**2 + 7*m + 7. Let x be j(-2). Let s be (1 + 97)/(x + 5). Calculate the highest common factor of s and 98.
49
Let d(i) = i**3 - 45*i**2 + 734*i - 24. Let t be d(12). Calculate the greatest common factor of t and 294.
42
Let d(m) = 51*m + 1. Let n be d(1). Suppose 0*u = 4*u - n. Let x(w) = -w**3 - 13*w**2 - 59*w - 1. Let c be x(-4). What is the highest common divisor of u and c?
13
Let v = -23188 + 23199. Let h be 11/22 - (-901)/2. What is the greatest common factor of v and h?
11
Let b(g) = 2*g**2 + 3*g + 1. Let r be b(-5). Let n = 13961 - 13949. Calculate the greatest common divisor of n and r.
12
Suppose -c + 6*c = -45. Let z be (c/6)/3*-4. Suppose -3*q = -5*r + 272, -q + 88 = z*r + 3*q. What is the highest common divisor of 39 and r?
13
Suppose 3*w - 86 = 76. Let p = -50308 + 50312. What is the highest common factor of w and p?
2
Let s be -114*(-437)/2760 + (-1)/20. What is the greatest common divisor of 4923 and s?
9
Let g be 53 - (6 - (3 - 0)). Suppose 4*q - 5*q + 360 = 0. Suppose 3*y = 1710 - q. Calculate the greatest common factor of g and y.
50
Let u(d) = 252*d**2 + 20*d + 20. Let h be u(-1). What is the highest common divisor of 3087 and h?
63
Suppose -322 = -84*q + 77*q. Suppose q = -8*h + 11*h - 2*c, 4*h - 3*c = 63. Calculate the greatest common factor of h and 516.
12
Let u be (-2)/2 + 2*123. Let p be (2 + (0 - -12))/(112/(-70) + 2). Calculate the highest common divisor of u and p.
35
Let y = 5676 - 4778. Calculate the greatest common factor of 2 and y.
2
Let q = -19599 + 28663. Calculate the highest common factor of 11 and q.
11
Suppose -19*x = -15*x + 720. Let k = x + 185. What is the highest common divisor of 7 and k?
1
Let p(c) = 12*c - 128. Let n be p(13). Let u(t) = -21*t. Let d be u(-9). What is the greatest common divisor of n and d?
7
Let o(h) = -h**3 + 88*h**2 - 800*h - 175. Let p be o(77). Calculate the greatest common divisor of 21 and p.
21
Let c = -7643 + 7756. Suppose -2*s + 6*s - 5*b + 350 = 0, 3*s = -3*b - 276. Let y = s + c. What is the highest common factor of y and 46?
23
Let q(w) = -601*w - 598*w + 1200*w + 58. Let f be q(-25). What is the greatest common divisor of f and 99?
33
Let a be (-2 - -5) + (-630)/(-90) - -27590. What is the highest common divisor of a and 69?
69
Let h be (-7270)/(-35) - 4*(-3)/42. Suppose -2*g + 7*g = -2*f + 35, 0 = -g - 5*f + 30. Suppose 45 + 85 = g*w. What is the greatest common divisor of w and h?
26
Suppose 0 = 23*r + 126314 - 552320. What is the highest common divisor of 108 and r?
54
Suppose 8 = 2*r, 7*y + 2*r = 8*y - 32. Calculate the greatest common factor of y and 185.
5
Let u(f) = f**3 + 19*f**2 + 21*f + 22. Let q be u(-18). Let l be 8/(q/460)*2/(-2). What is the greatest common factor of 92 and l?
23
Let p = -22490 + 33451. What is the highest common divisor of p and 113?
113
Let y = 15004 + -14839. What is the greatest common divisor of y a